ivided by 21?
12
Calculate the remainder when 1620 is divided by 78.
60
Calculate the remainder when 274085 is divided by 601.
29
Calculate the remainder when 648 is divided by 76.
40
Calculate the remainder when 294298 is divided by 300.
298
What is the remainder when 64828 is divided by 21596?
40
Calculate the remainder when 25298 is divided by 39.
26
What is the remainder when 1326142 is divided by 205?
202
What is the remainder when 285665 is divided by 21?
2
Calculate the remainder when 591 is divided by 358.
233
What is the remainder when 247977 is divided by 761?
652
Calculate the remainder when 299097 is divided by 6502.
5
What is the remainder when 1810347 is divided by 162?
159
What is the remainder when 73228 is divided by 559?
558
What is the remainder when 73953 is divided by 267?
261
What is the remainder when 182398 is divided by 60781?
55
Calculate the remainder when 72027 is divided by 46.
37
What is the remainder when 166902 is divided by 652?
642
Calculate the remainder when 3148 is divided by 751.
144
Calculate the remainder when 749 is divided by 51.
35
Calculate the remainder when 21686 is divided by 905.
871
Calculate the remainder when 234184 is divided by 6.
4
What is the remainder when 84180 is divided by 565?
560
What is the remainder when 3260 is divided by 89?
56
What is the remainder when 9255 is divided by 149?
17
Calculate the remainder when 3820 is divided by 3566.
254
What is the remainder when 1140 is divided by 371?
27
Calculate the remainder when 23092 is divided by 2879.
60
What is the remainder when 24101 is divided by 588?
581
Calculate the remainder when 4047 is divided by 3767.
280
Calculate the remainder when 4350 is divided by 150.
0
What is the remainder when 20560 is divided by 2654?
1982
What is the remainder when 221475 is divided by 110737?
1
What is the remainder when 124754 is divided by 44?
14
Calculate the remainder when 11348 is divided by 5393.
562
Calculate the remainder when 100394 is divided by 13.
8
Calculate the remainder when 393157 is divided by 27.
10
Calculate the remainder when 49860 is divided by 211.
64
Calculate the remainder when 24103 is divided by 8023.
34
Calculate the remainder when 6198236 is divided by 1273.
1272
What is the remainder when 54813 is divided by 53?
11
Calculate the remainder when 208 is divided by 157.
51
Calculate the remainder when 12002 is divided by 5993.
16
What is the remainder when 5788 is divided by 11?
2
Calculate the remainder when 21024 is divided by 7008.
0
What is the remainder when 1851890 is divided by 517?
513
What is the remainder when 38955 is divided by 20?
15
What is the remainder when 5324 is divided by 313?
3
Calculate the remainder when 219602 is divided by 16892.
6
What is the remainder when 26051 is divided by 27?
23
What is the remainder when 29674 is divided by 138?
4
Calculate the remainder when 24813 is divided by 6.
3
Calculate the remainder when 1064043 is divided by 325.
318
Calculate the remainder when 1934 is divided by 122.
104
Calculate the remainder when 1268 is divided by 19.
14
What is the remainder when 2367479 is divided by 218?
217
What is the remainder when 507124 is divided by 25?
24
Calculate the remainder when 3236 is divided by 400.
36
What is the remainder when 20968 is divided by 6969?
61
What is the remainder when 12220 is divided by 2761?
1176
What is the remainder when 6297 is divided by 314?
17
Calculate the remainder when 6740 is divided by 240.
20
What is the remainder when 60066 is divided by 5003?
30
Calculate the remainder when 8737 is divided by 2822.
271
Calculate the remainder when 4615 is divided by 923.
0
What is the remainder when 23277 is divided by 1936?
45
What is the remainder when 6638 is divided by 1326?
8
Calculate the remainder when 120598 is divided by 14.
2
Calculate the remainder when 6726 is divided by 837.
30
What is the remainder when 236085 is divided by 27?
24
Calculate the remainder when 15838 is divided by 30.
28
Calculate the remainder when 6577 is divided by 3235.
107
What is the remainder when 30605 is divided by 172?
161
Calculate the remainder when 35516 is divided by 41.
10
What is the remainder when 1441944 is divided by 27?
9
Calculate the remainder when 55718 is divided by 2532.
14
Calculate the remainder when 4627 is divided by 4542.
85
Calculate the remainder when 11441 is divided by 766.
717
What is the remainder when 4075 is divided by 40?
35
What is the remainder when 10876 is divided by 1602?
1264
What is the remainder when 4675 is divided by 428?
395
What is the remainder when 39279 is divided by 39251?
28
What is the remainder when 81604 is divided by 2398?
72
What is the remainder when 59468 is divided by 13?
6
What is the remainder when 70265 is divided by 294?
293
What is the remainder when 2234 is divided by 59?
51
What is the remainder when 70802 is divided by 252?
242
What is the remainder when 1540 is divided by 185?
60
Calculate the remainder when 19118 is divided by 294.
8
Calculate the remainder when 977568 is divided by 11.
9
Calculate the remainder when 1224 is divided by 429.
366
Calculate the remainder when 7431 is divided by 928.
7
What is the remainder when 116183 is divided by 193?
190
What is the remainder when 15811 is divided by 2634?
7
What is the remainder when 6994 is divided by 3202?
590
Calculate the remainder when 30583 is divided by 713.
637
What is the remainder when 4180 is divided by 4100?
80
Calculate the remainder when 303454 is divided by 436.
434
Calculate the remainder when 592 is divided by 61.
43
Calculate the remainder when 7893 is divided by 16.
5
What is the remainder when 158248 is divided by 36?
28
Calculate the remainder when 972963 is divided by 186.
183
Calculate the remainder when 74213 is divided by 20.
13
What is the remainder when 1339604 is divided by 669788?
28
Calculate the remainder when 11306 is divided by 619.
164
Calculate the remainder when 35856 is divided by 260.
236
What is the remainder when 400243 is divided by 63?
4
Calculate the remainder when 4736 is divided by 31.
24
What is the remainder when 817 is divided by 471?
346
What is the remainder when 24803 is divided by 159?
158
What is the remainder when 136074 is divided by 41?
36
What is the remainder when 547 is divided by 204?
139
What is the remainder when 4282 is divided by 1913?
456
Calculate the remainder when 12289 is divided by 12257.
32
Calculate the remainder when 981 is divided by 237.
33
What is the remainder when 14433 is divided by 14430?
3
Calculate the remainder when 346711 is divided by 66.
13
Calculate the remainder when 7448 is divided by 2347.
407
Calculate the remainder when 322701 is divided by 486.
483
What is the remainder when 43097 is divided by 65?
2
Calculate the remainder when 13714 is divided by 193.
11
Calculate the remainder when 4274 is divided by 472.
26
What is the remainder when 177346 is divided by 7?
1
What is the remainder when 216903 is divided by 3676?
19
What is the remainder when 779 is divided by 682?
97
Calculate the remainder when 54558 is divided by 80.
78
Calculate the remainder when 27789 is divided by 13862.
65
Calculate the remainder when 1219592 is divided by 10.
2
What is the remainder when 6751 is divided by 519?
4
Calculate the remainder when 896 is divided by 503.
393
What is the remainder when 62237 is divided by 246?
245
What is the remainder when 52273 is divided by 425?
423
What is the remainder when 9684 is divided by 1791?
729
What is the remainder when 11063256 is divided by 442?
438
What is the remainder when 7199297 is divided by 22?
17
Calculate the remainder when 4719 is divided by 45.
39
What is the remainder when 28767 is divided by 14378?
11
What is the remainder when 103997 is divided by 13?
10
What is the remainder when 94081 is divided by 117?
13
Calculate the remainder when 4188 is divided by 70.
58
Calculate the remainder when 24485 is divided by 506.
197
What is the remainder when 60645 is divided by 1167?
1128
What is the remainder when 214205 is divided by 19?
18
Calculate the remainder when 3311 is divided by 222.
203
What is the remainder when 55783 is divided by 35?
28
What is the remainder when 47438 is divided by 559?
482
Calculate the remainder when 292259 